{"id":27,"date":"2022-04-12T19:52:05","date_gmt":"2022-04-12T17:52:05","guid":{"rendered":"https:\/\/ledinanga.fr\/?page_id=27"},"modified":"2023-06-27T13:31:30","modified_gmt":"2023-06-27T11:31:30","slug":"accueil","status":"publish","type":"page","link":"https:\/\/ledinanga.com\/","title":{"rendered":"Acceuil"},"content":{"rendered":"\n<blockquote class=\"wp-block-quote has-text-align-center is-style-large is-layout-flow wp-block-quote-is-layout-flow\">\n<p><strong>Nous vous accueillons chez nous, pour vous offrir un temps, un temps de r\u00e9pit, un temps de repos, un temps de bien \u00eatre. <\/strong><\/p>\n\n\n\n<p><\/p>\n<cite><br>Flora et Jordann<\/cite><\/blockquote>\n\n\n\n<p><\/p>\n\n\n\n<p><\/p>\n\n\n\n<p class=\"has-text-align-center\"><em>Apr\u00e8s avoir eu diff\u00e9rents m\u00e9tiers, apr\u00e8s avoir voyag\u00e9, rencontr\u00e9 des personnes de tous horizons, Flora et Jordann d\u00e9cident de s&rsquo;installer autour du Lac de Montbel pour y cr\u00e9er leur bulle de vie familiale ouverte sur le Monde.<\/em><br><em><br>Entour\u00e9s de leurs enfants, de leur famille, de leurs amis, ils veulent concevoir un lieu d&rsquo;accueil, de vie, de partage et de cr\u00e9ations artistiques.<br><br>C&rsquo;est alors qu&rsquo;ils rencontrent Nicolas et Mirella, alors propri\u00e9taires d&rsquo;un lieu exceptionnel au c\u0153ur du village de L\u00e9ran; cet endroit aux multiples possibilit\u00e9s d&rsquo;\u00e9volution comprend d\u00e9j\u00e0 une salle de restaurant, une cuisine professionnelle, des chambres d&rsquo;h\u00f4tes, une terrasse, un jardin arbor\u00e9 et fleuri et une piscine \u2026. c&rsquo;est le coup de foudre !!!<br><br>La connexion avec les anciens propri\u00e9taires accro\u00eet l&rsquo;envie d\u2019acqu\u00e9rir cet endroit, apr\u00e8s quelques mois d&rsquo;ascenseur \u00e9motionnel et d&rsquo;obstacles administratifs, \u00e7a y est le r\u00eave se r\u00e9alise !!!!<br><br>C&rsquo;est donc avec le c\u0153ur grand ouvert, le sourire aux l\u00e8vres et l&rsquo;envie de faire plaisir que Flora et Jordann vous accueilleront dans leur cocon de verdure dont le nom est d\u00e9sormais :<br><br>LE DINANGA !<\/em><\/p>\n","protected":false},"excerpt":{"rendered":"<p>Nous vous accueillons chez nous, pour vous offrir un temps, un temps de r\u00e9pit, un temps de repos, un temps de bien \u00eatre. Flora et &hellip;<\/p>\n","protected":false},"author":3,"featured_media":319,"parent":0,"menu_order":0,"comment_status":"closed","ping_status":"closed","template":"","meta":{"footnotes":""},"class_list":["post-27","page","type-page","status-publish","has-post-thumbnail","hentry"],"_links":{"self":[{"href":"https:\/\/ledinanga.com\/index.php?rest_route=\/wp\/v2\/pages\/27","targetHints":{"allow":["GET"]}}],"collection":[{"href":"https:\/\/ledinanga.com\/index.php?rest_route=\/wp\/v2\/pages"}],"about":[{"href":"https:\/\/ledinanga.com\/index.php?rest_route=\/wp\/v2\/types\/page"}],"author":[{"embeddable":true,"href":"https:\/\/ledinanga.com\/index.php?rest_route=\/wp\/v2\/users\/3"}],"replies":[{"embeddable":true,"href":"https:\/\/ledinanga.com\/index.php?rest_route=%2Fwp%2Fv2%2Fcomments&post=27"}],"version-history":[{"count":25,"href":"https:\/\/ledinanga.com\/index.php?rest_route=\/wp\/v2\/pages\/27\/revisions"}],"predecessor-version":[{"id":441,"href":"https:\/\/ledinanga.com\/index.php?rest_route=\/wp\/v2\/pages\/27\/revisions\/441"}],"wp:featuredmedia":[{"embeddable":true,"href":"https:\/\/ledinanga.com\/index.php?rest_route=\/wp\/v2\/media\/319"}],"wp:attachment":[{"href":"https:\/\/ledinanga.com\/index.php?rest_route=%2Fwp%2Fv2%2Fmedia&parent=27"}],"curies":[{"name":"wp","href":"https:\/\/api.w.org\/{rel}","templated":true}]}}